= d**3 + 6*d**2 - 5*d + 3. Let z = 4 - 9. Is m(z) composite?
False
Suppose 3*t = -4*w + 28, 4*w = 2*t - 0*w + 8. Is t/(-26) + 2526/26 a composite number?
False
Let a = 276 + 105. Is a prime?
False
Let x(n) = -n**3 + 10*n**2 - 10*n + 8. Let i be x(8). Let o = -25 + i. Is o composite?
False
Let f(a) = -5 + 2*a - 5 + 21 - a. Is f(0) composite?
False
Suppose 0 = -2*q + 4, -a = a - 5*q + 18. Let z = 19 + a. Is z prime?
False
Let y = 372 - 181. Is y prime?
True
Let s(w) = -w**2 - 11*w + 5. Let j be s(-11). Suppose 12 = 4*v, o + j*v = -11 + 49. Is o a prime number?
True
Let z(u) = u**2 - u. Let x(d) = 4*d**3 + d**2 - 8*d + 4. Let a(s) = x(s) - 3*z(s). Is a(3) composite?
False
Suppose -3*q + 2214 = -3*m, q = -2*q + m + 2206. Is q prime?
False
Let f be (-3)/6*(-6)/3. Is -1*(-10*2 + f) a composite number?
False
Let z(m) = 9*m**2 - 4*m - 4. Let u(f) = f**2 - 5*f + 1. Let t be u(4). Is z(t) composite?
False
Suppose w - 36 = -4*y, -3*y = -3*w - 5 - 7. Is ((-732)/y - -2)*-2 composite?
False
Let k(s) = 3*s + 2. Let x be k(-3). Let j(t) be the first derivative of -t**3/3 - 9*t**2/2 - t + 1. Is j(x) prime?
True
Let d(r) = 28*r**2 - 4*r - 5. Is d(-3) composite?
True
Suppose -5 = -4*l - 3*z, -3*z = 4*l - 4*z - 9. Is (12/(-8))/(l/(-4)) a composite number?
False
Let t(c) = -16*c + 2 + c**2 + 5*c + 2 + 0. Is t(-10) a prime number?
False
Is -1 + (121 - 2) + 1*-3 a composite number?
True
Let c(k) = 908*k - 2. Is c(2) a prime number?
False
Is (2/3)/(24/2844) composite?
False
Suppose r + 1 = 2*r, 3*r - 6 = -o. Suppose -l - o*l + 132 = 0. Suppose l = 4*g - 3*g. Is g composite?
True
Suppose 2*a - 565 = 1053. Is a a composite number?
False
Let w(r) = 497*r**2 - 4*r - 2. Is w(-1) a prime number?
True
Suppose -2*c + 9 = -v, 3*c - 4*v = -0*c + 26. Suppose c*r + 58 = 212. Is r prime?
False
Let o be (-1 + (-4)/(-1))/(2 + -3). Suppose 4 = 2*v + 3*j, 5*v + 3*j - 3 = -j. Is v/(-3) - 356/o prime?
False
Suppose -2*r = -4*i + 2528, 0 = i - r + 5*r - 641. Is i a prime number?
False
Let u = -69 - -102. Is u composite?
True
Suppose 4*l + 3 = 3*l. Is (19/3)/((-1)/l) a prime number?
True
Suppose 3*l = 4*l - 2*y - 60, -l - 2*y = -60. Let d = -11 + l. Is d a composite number?
True
Suppose -3*v - 2284 = -7*v. Is v a prime number?
True
Let u(g) = -g. Let d(m) = 30*m**2 - 2*m + 1. Let w(p) = d(p) - 2*u(p). Is w(2) prime?
False
Suppose -3*n + 9 = 3. Suppose -a + 24 = 3*g - 4*a, -22 = -4*g + n*a. Is (85/g)/(3/9) composite?
True
Let f(n) = 2*n**3 - 6*n**2 - 5. Let y be f(6). Let o = 360 - y. Is o composite?
False
Suppose -3*h - 2*h = 50. Let u be (10 + 2)*h/(-8). Let p = u - 4. Is p prime?
True
Is 3970/12 + 15/90 prime?
True
Suppose 4*p + 4*y - 487 = 2969, p - y = 866. Is p prime?
False
Suppose 5*s - 3 = 2. Let l be 5/(-10)*(-4)/s. Is (-38)/l*(-2)/2 a prime number?
True
Let p(s) = 12*s**2 + s. Let d be p(-2). Suppose -3*j + 65 + d = 0. Is 6/9 - j/(-3) a composite number?
False
Let y be (1 - 2) + 690/3. Suppose -7 = -g + 34. Suppose 5*k = -r + g, 5*r - 3*k - y = -4*k. Is r a composite number?
True
Let s = -26 + 38. Is s/3*(-133)/(-4) a composite number?
True
Let t(y) = 450*y**2 - 1. Is t(3) prime?
True
Suppose 0 = -y - 3*y + 240. Let j = -39 + y. Is j composite?
True
Let i(d) = -50*d + 13. Is i(-4) prime?
False
Let j(d) = -d**3 - 7*d**2 - 2*d - 6. Let n be j(-7). Suppose 0 = -4*o + n - 0. Suppose o*m - 6*m + 136 = 0. Is m a prime number?
False
Suppose 3*o - 2 = 7. Is 284 - -6 - o/(-1) composite?
False
Let b be (-628)/(-26) + 2/(-13). Is (-1 - b)*(0 + -1) a composite number?
True
Suppose -106 = -2*b + 4*b + 3*m, 3*m = 5*b + 244. Let s = 87 + b. Is s prime?
True
Is 7/49 + (-1356)/(-14) composite?
False
Let v(h) = -34*h + 17. Is v(-5) a prime number?
False
Let p = -2136 - -4417. Is p prime?
True
Let l = 112 + -1. Is l composite?
True
Is (-2036)/(-5) - 2/10 composite?
True
Let y(z) be the second derivative of 0 + 3*z - 29/2*z**3 - 2*z**2. Is y(-3) a composite number?
False
Let t = 11 - 6. Suppose 0*m + 2*m = r + 4, t*r + 3*m = 6. Suppose 3*o + 149 = 3*x + 47, 4*x + 2*o - 142 = r. Is x composite?
True
Let v = -1181 + 1822. Is v a composite number?
False
Let s = -3 - -3. Let a(p) = -p - 8. Let g be a(s). Is (-1)/4 + (-178)/g composite?
True
Let q(p) = 480*p**2 + p. Is q(-1) a prime number?
True
Let c(l) = -l**3 + l. Let z be c(-1). Suppose 2*j = -z*j + 34. Let n = j - 2. Is n composite?
True
Let d(k) = -10*k**3 + k**2 + k. Let v be d(-1). Suppose 0 = -5*f + v, 2*f = 3*x - 3*f - 1181. Is x a composite number?
False
Suppose -4*z = -2*z - 4. Let u be 44/(-16) + z/(-8). Is u + 1 - 0 - -121 prime?
False
Let g(z) = -2*z**3 - 4*z**2 + 3*z - 4. Let y = 16 - 21. Is g(y) composite?
False
Let k(l) = l - 4*l + 4*l + 13. Is k(-6) a prime number?
True
Suppose 4*d + 12 = 0, 3*c + 2*d + 9 = -0*d. Let t = 11 + -5. Is 267/t*c*-2 a composite number?
False
Suppose 3 + 7 = 5*a. Suppose 0 = -a*p - p + g + 397, -3*p + 2*g + 401 = 0. Is p composite?
False
Is (-2)/6 + (-1988)/(-6) composite?
False
Is (0 - -2)*(-953)/(-2) composite?
False
Let o(a) = -a - 1. Let t be o(-1). Suppose t = 2*v - 34 - 192. Is v composite?
False
Let g = 7 - 11. Let w be (-42)/g*(-6)/(-3). Suppose -2*m + w + 1 = 0. Is m a prime number?
True
Suppose -5*v + 3706 = 501. Is v a composite number?
False
Suppose -4*r + 2110 = -4*p + 5*p, -2*p = r - 531. Is r a prime number?
False
Let h(j) = 47*j**2 + 5*j + 5. Is h(-2) prime?
False
Suppose t - 104 = -0*t. Let q = -3 - -3. Suppose q = -5*j + t + 161. Is j prime?
True
Let n be ((-32)/12)/(3/108). Suppose 6*m - 3*m = 435. Let g = n + m. Is g composite?
True
Let f = 3 - 6. Is (-10 - f)/1*-31 a composite number?
True
Let y(k) = 13*k**3 - 3*k**2 + k + 1. Let r(x) = x + 11. Let h be r(-9). Is y(h) composite?
True
Let f(p) = -11*p**2 + 4*p + 6. Let x be f(4). Let t = x - -303. Is t a composite number?
False
Let v(f) = -7*f - 4. Let k be v(-8). Is k/8 - (-3)/6 composite?
False
Let o(d) = 64*d**2 - 5. Is o(2) a prime number?
True
Let s(h) = 5*h**2 + 9*h. Let k be s(-7). Suppose 9*y - 4*y - 3*z - k = 0, 0 = 3*z - 3. Is y a composite number?
False
Let l(o) = o**2 + 6*o + 1. Let t be l(-6). Suppose t - 4 = 3*u. Is 2 - (u + -10 + 3) a prime number?
False
Suppose 0*k = -4*k + 20. Suppose 2*g - g - 2*a = 51, -g + k*a + 39 = 0. Suppose 4*b = -g + 271. Is b a prime number?
True
Suppose -2*o + 11881 = 383. Is o a composite number?
False
Let p = 83 - 76. Is p prime?
True
Suppose 4*l = -4*g + 8*g + 280, 5*l = 2*g + 353. Is l a composite number?
False
Let z(m) = 3*m**3 + 2*m - 4. Let w be z(3). Suppose -4*q + w = -3*q. Is q prime?
True
Let s(t) = -996*t**3 + 2*t - 1. Let o be s(1). Let i = 4 - 7. Is (-6)/9 + o/i composite?
False
Suppose -2*v + 14 = -2*o, -5*v = -8*v - 4*o - 7. Suppose -v*g - 12 = -6*g. Suppose 0 = -6*w + g*w + 406. Is w composite?
True
Let v(x) = 52*x + 7. Let w(n) = 156*n + 20. Let g(l) = 8*v(l) - 3*w(l). Let f be g(-6). Suppose -4*u + 0*u = -f. Is u composite?
True
Suppose -t + 26 = w - 0*w, -118 = -5*t - w. Let a = -16 + t. Is a prime?
True
Let a(c) be the first derivative of 9*c**4/4 + c**3 - 2*c**2 + 3*c + 1. Let s = 2 + 0. Is a(s) a prime number?
True
Let m be (-15)/(0 - (-9)/(-150)). Let k = m - 146. Let r = k - 13. Is r a composite number?
True
Suppose 5*j + 9 = -11. Is 5/(-20) + (-261)/j a composite number?
True
Suppose 4*y = -z + 145, -4*y - 3*z + 31 = -124. Is y composite?
True
Let d(p) be the first derivative of 8*p**3/3 + p**2 + p - 4. Is d(2) prime?
True
Suppose 0 = 5*m - 36 + 11. Suppose 6*s - m*s - 14 = 0. Suppose -v = -2*v + s. Is v composite?
True
Suppose -2*p + 0*w + 87 = w, -p - 5*w = -66. Suppose -2*o = a - 6*o - p, -5*o + 80 = 4*a. Is a prime?
False
Suppose 7*s = 3*s. Suppose s = 5*v + 3*i - 6, -5*v - i - i = -4. Suppose v*z - 62 = -2*z. Is z a prime number?
True
Suppose -7*y = -2*y. Suppose -3*g + 1299 - 291 = y. Suppose k - 160 = -3*r, -5*r + 4*k + g = 75. Is r a prime number?
True
Let b(n) be the third derivative of 11*n**5/60 - n**4/6 + n**3/2 + 3*n**2. Is b(2) composite?
True
Suppose 0 = 2*p + 3*x - 62, p - 4*p - x = -86. Suppose -p = -2*o - 2*o. Is o a prime number?
True
Let x be (-11)/(-22) + (-1)/2. Suppose -2*n + 2*d + x*d + 1148 = 0, -4*n = -3*d - 2295. Is n a prime number?
False
Is (2/(-5))/(-2*(-6)/(-660)) a prime number?
False
Let o(s) = -s**3 + 7*s**2 + 10*s - 9. Is o(6) com